 = z + -208. What is the tens digit of o?
8
Let z be -26 + (4 - 6/3). Let k = z - -47. Suppose -3*c + 60 = 3*g, -g = -2*g - 4*c + k. What is the tens digit of g?
1
Let q(z) = -z**2 + 11*z - 6. Let l = 137 - 131. What is the tens digit of q(l)?
2
Let s(y) be the third derivative of -y**5/60 + y**4/2 + y**3/2 - 2*y**2. Let c = 82 + -72. What is the tens digit of s(c)?
2
Let m = 380 - -42. What is the units digit of m?
2
Suppose -3*h = 6, -u + 2352 = 4*h - 5*h. What is the tens digit of u?
5
Let d be ((-3)/((-3)/(-4)))/(-2). Suppose -d*s - 112 + 476 = 4*r, 2*r + 370 = 2*s. What is the hundreds digit of s?
1
Suppose -4*b = 3*f - 1775, 0 = f + b - 0*b - 590. What is the hundreds digit of f?
5
Suppose 5*g + 4*q - 277 = 0, -5*g + 3*q = q - 289. Let j = 131 - g. What is the units digit of j?
4
Suppose -2*j + 5*c + 145 = 0, 3*j + 11 = 3*c + 233. Suppose j = 11*g - 1586. What is the units digit of g?
1
Let f(s) = 3*s**2 - 22*s + 31. What is the tens digit of f(10)?
1
Let f(g) = 4*g**2 - 6*g - 6. Let w be f(9). Suppose -14*j + w = -8*j. What is the units digit of j?
4
Suppose 2*y - 5462 = -3*x, -3*y - 52*x + 8193 = -50*x. What is the thousands digit of y?
2
Let q(v) = -3*v**2 - 4*v + v**2 + v**2 + 38 + 5*v. What is the units digit of q(0)?
8
Let l(w) = 22*w + 2. Let t be l(17). Suppose 5*v - v - t = 0. What is the units digit of v?
4
Let m(w) be the second derivative of 13*w**3/3 + 11*w**2/2 + 11*w. What is the units digit of m(4)?
5
Suppose -119*w - 18 = -117*w. Let k = w - -28. What is the tens digit of k?
1
Suppose 9005 = 11*m + 3362. What is the hundreds digit of m?
5
Let v = -15 - -34. Suppose -v*k = -16*k - 468. What is the hundreds digit of k?
1
Let a(u) = -u**2 - 4*u - 7. Let p(t) = -t - 6*t - 2*t - 3*t**2 - 14 + t**2. Let y(m) = -11*a(m) + 6*p(m). What is the tens digit of y(-5)?
1
Let j(r) be the second derivative of 7*r**3/6 + 3*r**2 - 7*r. What is the tens digit of j(10)?
7
Let l = 558 + 945. What is the units digit of l?
3
Suppose 5*g + 5*l - 140 = 0, -4*g + 94 = 3*l - 8*l. Suppose z - 121 = -g. What is the units digit of z?
5
Let n = -2697 + 4764. What is the thousands digit of n?
2
Suppose 4*z = 0, l + 3*z - 172 - 195 = 0. What is the units digit of l?
7
Let f(b) = b**3 - 8*b**2 - 6*b + 5. Let h be f(5). Let r(v) = 20*v**3 - 3*v**2 + 3*v - 2. Let i be r(2). Let z = h + i. What is the units digit of z?
2
Let n = 4 - -2. Let g(m) = m**2 - 9*m + 4. Let c be g(n). Let z(v) = v**3 + 14*v**2 + v + 16. What is the units digit of z(c)?
2
Let o(k) = k. Let h be o(11). Suppose 0 = -j + h - 4. What is the units digit of j?
7
Let t(n) be the second derivative of -2*n**3/3 - n**2 - 4*n. What is the units digit of t(-3)?
0
Let a(x) = 27*x - 6. Let h be a(6). Suppose 9*k = 69 + h. What is the tens digit of k?
2
Suppose -x = 3*c + 6, x + 2*c - c + 2 = 0. Let d(h) = -4*h**3 - 5 + 3 + x*h**3 + h**2. What is the units digit of d(-2)?
4
Suppose -17*z - 414 = -19*z. Suppose -8*y + 871 = z. What is the tens digit of y?
8
Suppose 0 = u + 5*m - 15, 9*u - 4*u - 12 = -4*m. Suppose -3*z + 604 = -5*s, u*z = -2*z - 2*s + 376. What is the units digit of z?
3
Suppose -2*m = -2*j + 4, j - 10 = -j. Suppose m*i + 2*z - 92 = 0, 86 + 35 = 4*i + z. What is the units digit of i?
0
Let x(i) = 26*i**2 + 2*i + 12. What is the hundreds digit of x(-5)?
6
Suppose 0 = -2*y - 2*y + 1384. What is the units digit of y?
6
Let i = 21 + 0. Suppose -17*m + i*m - 736 = 0. What is the tens digit of m?
8
Suppose 35*d = 21944 + 4831. What is the units digit of d?
5
Suppose 3*o - 1621 = -4*w, 5*w = -26 + 1. What is the tens digit of o?
4
What is the tens digit of (1 + (-17)/119)/((-2)/(-1764))?
5
Let l(m) = -3*m**2 + 9*m - 9. Let c(b) = 5*b**2 - 17*b + 17. Let z(u) = -4*c(u) - 7*l(u). What is the tens digit of z(-9)?
3
Suppose -58 = h - 3*s, -5*s + 4*s = 2*h + 88. Let a = h - -72. What is the units digit of a?
6
Let w = -31 - -53. Suppose 2 = 3*f - w. Suppose -q = -10 - f. What is the units digit of q?
8
Let q(d) = 8*d - 3 + 11 - 4 + 2. Let b(r) = 15*r + 12. Let i(s) = 5*b(s) - 9*q(s). What is the tens digit of i(12)?
4
Suppose 0 = -2*g + 68 + 12. Suppose -5*f + g = 5*r, -5*r + r = -4*f + 48. What is the units digit of 8/20 + 136/f?
4
Let l(m) be the second derivative of m**5/10 - 5*m**4/12 + m**3 - m**2 + 7*m. What is the units digit of l(5)?
3
Let f = -1 + 3. Suppose 32 = 4*q + 4*d, -d - f*d = q - 18. What is the units digit of (0 + q)*160/24?
0
Let s(b) = 2*b**3 + 23*b**2 + 9*b + 7. Let j be s(-11). Let u(h) = 5*h**2 - 2*h - 5. Let i be u(-4). Let v = i - j. What is the tens digit of v?
5
Suppose 3*n = -4*u + 49, -48 = -2*n + u + 4*u. What is the tens digit of n?
1
Suppose 0 = 2*v + 5*w + 80 + 121, -2*v - 196 = 4*w. Let d = v - -151. What is the units digit of d?
3
Let c = -3 - 1. Let p be 3/(-4) + (-19)/c. What is the units digit of (2/(-3))/(p/(-18))?
3
Suppose -89586 + 5221 = -47*u. What is the thousands digit of u?
1
Let d be 45/(-35) + 46/14 + -3. What is the tens digit of 77 + -1 + 4 + 1/d?
7
Let o = 1659 - 1133. What is the tens digit of o?
2
Let o = 245 - -239. What is the units digit of o?
4
Suppose -24448 - 9185 = -37*l. What is the tens digit of l?
0
Let m(b) = -b**3 - b**2 - 5*b + 12. Let n be m(-5). Let s = n + -19. What is the hundreds digit of s?
1
What is the tens digit of (-6)/36 + 7514/12?
2
Suppose b = 4*b. Let a be 12/(-12) + b + 11. What is the units digit of (-191)/(-7) + a/(-35)?
7
Let n = 16 - 0. Let y = n - 12. Suppose -2*z + 3*h - h = y, h + 1 = 2*z. What is the units digit of z?
3
Let h = -13 + 15. Suppose -h*l = -0 - 26. What is the tens digit of l?
1
Suppose 120 = -4*l - l. Let o be (-5)/(-2)*l/30. What is the units digit of (2/(-6))/(o/24)?
4
Suppose -3*m + 5*z + 396 = 0, -2*m + 268 = 2*z - 4*z. Let j = 239 - m. What is the tens digit of j?
0
Let y = -62 + 62. Suppose a = -y*a + 35. What is the tens digit of a?
3
Suppose -6*q + 488 + 1342 = 0. What is the hundreds digit of q?
3
Suppose -2*s = -3*c - 27, 2*s = -2*s + 2*c + 34. Let q be 8/3 - (-2)/s. Suppose -2*u - 19 = -q*u. What is the tens digit of u?
1
Let q = 65 - 39. Let s = -24 + q. Suppose -f = -g - 0*f - s, -3*g + 26 = 5*f. What is the units digit of g?
2
Let c be (-28)/(-3)*(-39)/(-2). Suppose -3*s - c = -5*t - s, -5*t + 5*s = -185. Suppose -5*l = 2*j - j - t, 3*j - 18 = 3*l. What is the units digit of j?
1
Let m = 440 - 212. Suppose -5*c = 4*z - 304, 7*z - 4*z = -c + m. What is the tens digit of z?
7
Let o(m) = m**2 - 2*m + 124. Let f be o(0). Suppose -19*z + f = -18*z. What is the hundreds digit of z?
1
Let s(c) = -c - 28. Let y be s(5). Let n(x) = 4*x + 12. Let k be n(-8). Let z = k - y. What is the tens digit of z?
1
What is the units digit of (16*(-13)/2)/(-2)?
2
Let w = 842 + -484. What is the hundreds digit of w?
3
Let t be -10*((-6)/2 - -2). Suppose 324 = -t*v + 13*v. Let u = v - 54. What is the tens digit of u?
5
Suppose 7*f + 154 = -686. What is the tens digit of f/50*330/(-9)?
8
Let n(a) = -a**2 - 10*a + 32. Let r be n(14). Let p = r - -525. What is the hundreds digit of p?
2
Let x(d) = -205*d + 7. What is the tens digit of x(-8)?
4
Let u be 2*3/(-3)*-1. Suppose u*k = r - 46, -156 = -4*r - 5*k + 93. What is the tens digit of r?
5
What is the hundreds digit of 535 + (-4 - 4 - -8)?
5
Let n(o) = o**3 + 30*o**2 + 28*o - 3. What is the hundreds digit of n(-28)?
7
Let n(x) = x - 8. Let w(j) = j - 8. Let m(q) = 2*n(q) - 3*w(q). Let g = 7 + -11. What is the units digit of m(g)?
2
Let z = -9533 + 15204. What is the hundreds digit of z?
6
Suppose -z - 1 = -p, z - 1 - 23 = -4*p. Suppose -l - l - 2*o + 92 = 0, 4*l - p*o - 202 = 0. What is the tens digit of l?
4
Let q be 3 + 1*(2 + -2). Suppose 0 = -q*m - b + 137, 5*b = -5*m + 153 + 62. What is the units digit of m?
7
Let g be 4 - 6 - 3*-1. Let w(s) = 33*s**3 + s - 1. What is the units digit of w(g)?
3
Suppose -61 - 39 = -2*n. Suppose -g + n = 4*g. Let d = g - -15. What is the units digit of d?
5
Let b(h) = -2*h + 2. Let v(d) = -d**3 - 11*d**2 - 7*d + 20. Let a be v(-10). What is the units digit of b(a)?
2
Let z(u) = -u**2 + 23*u - 96. What is the units digit of z(16)?
6
Let n(d) = d**2 - 4*d + 3. Suppose 8*b - 72 = -b. Let o be n(b). Suppose 4*u - 116 - o = -k, -2*u - 5*k + 89 = 0. What is the tens digit of u?
3
Let m(i) = 36*i - 34. Let w be m(10). L